{"id":1107,"date":"2021-04-11T20:56:58","date_gmt":"2021-04-11T20:56:58","guid":{"rendered":"http:\/\/www.etreavec.net\/?page_id=1107"},"modified":"2024-01-08T13:39:33","modified_gmt":"2024-01-08T13:39:33","slug":"ana-zunic-psychologue-therapeute-lyon-6","status":"publish","type":"page","link":"http:\/\/www.etreavec.net\/index.php\/ana-zunic-psychologue-therapeute-lyon-6\/","title":{"rendered":"ANA ZUNIC \/ PSYCHOLOGUE \/ THERAPEUTE"},"content":{"rendered":"\n<figure class=\"wp-block-image size-large\"><img loading=\"lazy\" decoding=\"async\" width=\"1024\" height=\"440\" src=\"http:\/\/www.etreavec.net\/wp-content\/uploads\/2017\/02\/etre-avec-kolaz-2-1024x440.jpg\" alt=\"Ana Zunic mon parcour\" class=\"wp-image-93\" srcset=\"http:\/\/www.etreavec.net\/wp-content\/uploads\/2017\/02\/etre-avec-kolaz-2-1024x440.jpg 1024w, http:\/\/www.etreavec.net\/wp-content\/uploads\/2017\/02\/etre-avec-kolaz-2-300x129.jpg 300w, http:\/\/www.etreavec.net\/wp-content\/uploads\/2017\/02\/etre-avec-kolaz-2-768x330.jpg 768w, http:\/\/www.etreavec.net\/wp-content\/uploads\/2017\/02\/etre-avec-kolaz-2-612x263.jpg 612w, http:\/\/www.etreavec.net\/wp-content\/uploads\/2017\/02\/etre-avec-kolaz-2-936x403.jpg 936w, http:\/\/www.etreavec.net\/wp-content\/uploads\/2017\/02\/etre-avec-kolaz-2-720x310.jpg 720w, http:\/\/www.etreavec.net\/wp-content\/uploads\/2017\/02\/etre-avec-kolaz-2.jpg 1181w\" sizes=\"auto, (max-width: 1024px) 100vw, 1024px\" \/><\/figure>\n\n\n\n<p>Je vous propose de vous accompagner dans la th\u00e9rapie individuelle, la th\u00e9rapie de couple, votre parentalit\u00e9 et pour l\u2019analyse de pratique professionnelle.<br>A Lyon et en ligne.<\/p>\n\n\n\n<p><em>Tu penses que parce que tu comprends \u00ab&nbsp;UN&nbsp;\u00bb<\/em><br><em>tu appr\u00e9hendes aussi \u00ab&nbsp;DEUX&nbsp;\u00bb,<\/em><br><em>car un et un font deux.<\/em><br><em>Mais pour vraiment comprendre un et un, tu dois d\u2019abord comprendre \u00ab&nbsp;ET&nbsp;\u00bb<\/em><br><em>(un proverbe ancien)<\/em><\/p>\n\n\n\n<p>ET\u2026 AVEC \u2026<\/p>\n\n\n\n<p>Des mots simples avec autant de importance, de puissance,<br>d\u2019universalit\u00e9, de magie\u2026<br>Car nous&nbsp;sommes des \u00eatres relationnels.<br>Nous avons besoin de r\u00e9sonance proche et bienveillante avec un autre \u00eatre humain, avec nous m\u00eame, pour pouvoir se construire, se sentir bien, vivre.<br>C\u2019est dans cet environnement de \u00ab&nbsp;avec&nbsp;\u00bb que notre \u00eatre peut se d\u00e9ployer en directions justes, trouv\u00e9es en chacun de nous.<\/p>\n\n\n\n<p class=\"has-cyan-bluish-gray-color has-text-color\">No d\u2019inscription sur la liste d\u00e9partementale de la profession Psychologue ADELI : 699326138<br>SIRET : 81023359300013<\/p>\n","protected":false},"excerpt":{"rendered":"<p>Je vous propose de vous accompagner dans la th\u00e9rapie individuelle, la th\u00e9rapie de couple, votre parentalit\u00e9 et pour l\u2019analyse de pratique professionnelle.A Lyon et en&#8230;<\/p>\n<div class=\"more-link-wrapper\"><a class=\"more-link\" href=\"http:\/\/www.etreavec.net\/index.php\/ana-zunic-psychologue-therapeute-lyon-6\/\">Continue Reading<span class=\"screen-reader-text\">ANA ZUNIC \/ PSYCHOLOGUE \/ THERAPEUTE<\/span><\/a><\/div>\n","protected":false},"author":1,"featured_media":0,"parent":0,"menu_order":0,"comment_status":"closed","ping_status":"closed","template":"","meta":{"footnotes":""},"class_list":["post-1107","page","type-page","status-publish","hentry","entry"],"_links":{"self":[{"href":"http:\/\/www.etreavec.net\/index.php\/wp-json\/wp\/v2\/pages\/1107","targetHints":{"allow":["GET"]}}],"collection":[{"href":"http:\/\/www.etreavec.net\/index.php\/wp-json\/wp\/v2\/pages"}],"about":[{"href":"http:\/\/www.etreavec.net\/index.php\/wp-json\/wp\/v2\/types\/page"}],"author":[{"embeddable":true,"href":"http:\/\/www.etreavec.net\/index.php\/wp-json\/wp\/v2\/users\/1"}],"replies":[{"embeddable":true,"href":"http:\/\/www.etreavec.net\/index.php\/wp-json\/wp\/v2\/comments?post=1107"}],"version-history":[{"count":9,"href":"http:\/\/www.etreavec.net\/index.php\/wp-json\/wp\/v2\/pages\/1107\/revisions"}],"predecessor-version":[{"id":1247,"href":"http:\/\/www.etreavec.net\/index.php\/wp-json\/wp\/v2\/pages\/1107\/revisions\/1247"}],"wp:attachment":[{"href":"http:\/\/www.etreavec.net\/index.php\/wp-json\/wp\/v2\/media?parent=1107"}],"curies":[{"name":"wp","href":"https:\/\/api.w.org\/{rel}","templated":true}]}}

<figure class="wp-block-image size-large"><img loading="lazy" decoding="async" width="1024" height="440" src="http://www.etreavec.net/wp-content/uploads/2017/02/etre-avec-kolaz-2-1024x440.jpg" alt="Ana Zunic mon parcour" class="wp-image-93" srcset="http://www.etreavec.net/wp-content/uploads/2017/02/etre-avec-kolaz-2-1024x440.jpg 1024w, http://www.etreavec.net/wp-content/uploads/2017/02/etre-avec-kolaz-2-300x129.jpg 300w, http://www.etreavec.net/wp-content/uploads/2017/02/etre-avec-kolaz-2-768x330.jpg 768w, http://www.etreavec.net/wp-content/uploads/2017/02/etre-avec-kolaz-2-612x263.jpg 612w, http://www.etreavec.net/wp-content/uploads/2017/02/etre-avec-kolaz-2-936x403.jpg 936w, http://www.etreavec.net/wp-content/uploads/2017/02/etre-avec-kolaz-2-720x310.jpg 720w, http://www.etreavec.net/wp-content/uploads/2017/02/etre-avec-kolaz-2.jpg 1181w" sizes="auto, (max-width: 1024px) 100vw, 1024px" /></figure>



<p>Je vous propose de vous accompagner dans la thérapie individuelle, la thérapie de couple, votre parentalité et pour l’analyse de pratique professionnelle.<br>A Lyon et en ligne.</p>



<p><em>Tu penses que parce que tu comprends «&nbsp;UN&nbsp;»</em><br><em>tu appréhendes aussi «&nbsp;DEUX&nbsp;»,</em><br><em>car un et un font deux.</em><br><em>Mais pour vraiment comprendre un et un, tu dois d’abord comprendre «&nbsp;ET&nbsp;»</em><br><em>(un proverbe ancien)</em></p>



<p>ET… AVEC …</p>



<p>Des mots simples avec autant de importance, de puissance,<br>d’universalité, de magie…<br>Car nous&nbsp;sommes des êtres relationnels.<br>Nous avons besoin de résonance proche et bienveillante avec un autre être humain, avec nous même, pour pouvoir se construire, se sentir bien, vivre.<br>C’est dans cet environnement de «&nbsp;avec&nbsp;» que notre être peut se déployer en directions justes, trouvées en chacun de nous.</p>



<p class="has-cyan-bluish-gray-color has-text-color">No d’inscription sur la liste départementale de la profession Psychologue ADELI : 699326138<br>SIRET : 81023359300013</p>

<p>Je vous propose de vous accompagner dans la thérapie individuelle, la thérapie de couple, votre parentalité et pour l’analyse de pratique professionnelle.A Lyon et en&#8230;</p>
<div class="more-link-wrapper"><a class="more-link" href="http://www.etreavec.net/index.php/ana-zunic-psychologue-therapeute-lyon-6/">Continue Reading<span class="screen-reader-text">ANA ZUNIC / PSYCHOLOGUE / THERAPEUTE</span></a></div>
