{"id":668,"date":"2018-08-10T09:42:54","date_gmt":"2018-08-10T09:42:54","guid":{"rendered":"http:\/\/www.etreavec.net\/?page_id=668"},"modified":"2021-11-09T02:22:49","modified_gmt":"2021-11-09T02:22:49","slug":"my-aproach-psychologist-lyon-6","status":"publish","type":"page","link":"http:\/\/www.etreavec.net\/index.php\/my-aproach-psychologist-lyon-6\/","title":{"rendered":"MY APROACH"},"content":{"rendered":"<p><a href=\"http:\/\/www.etreavec.net\/index.php\/about-me\/\">ABOUT ME\u00a0 <\/a><a href=\"http:\/\/www.etreavec.net\/index.php\/my-aproach\/\">MY APROACH<\/a>\u00a0 <a href=\"http:\/\/www.etreavec.net\/index.php\/focusing-psychologist-lyon-6\/\">FOCUSING\u00a0 <\/a><a href=\"http:\/\/www.etreavec.net\/index.php\/parenting\/\">PARENTING<\/a>\u00a0 <a href=\"http:\/\/www.etreavec.net\/index.php\/contact-2\/\">CONTACT <\/a><a href=\"http:\/\/www.etreavec.net\/index.php\/contact-2\/\">FEES<\/a><\/p>\n<p><img loading=\"lazy\" decoding=\"async\" class=\"alignnone  wp-image-305\" src=\"http:\/\/www.etreavec.net\/wp-content\/uploads\/2017\/09\/kolaz-1-300x166.jpg\" alt=\"Th\u00e9rapie individuelle \/ Adultes, Enfants \/ Lyon, St Andr\u00e9 en Royans\" width=\"730\" height=\"404\" srcset=\"http:\/\/www.etreavec.net\/wp-content\/uploads\/2017\/09\/kolaz-1-300x166.jpg 300w, http:\/\/www.etreavec.net\/wp-content\/uploads\/2017\/09\/kolaz-1-768x425.jpg 768w, http:\/\/www.etreavec.net\/wp-content\/uploads\/2017\/09\/kolaz-1.jpg 1024w, http:\/\/www.etreavec.net\/wp-content\/uploads\/2017\/09\/kolaz-1-612x339.jpg 612w, http:\/\/www.etreavec.net\/wp-content\/uploads\/2017\/09\/kolaz-1-936x518.jpg 936w, http:\/\/www.etreavec.net\/wp-content\/uploads\/2017\/09\/kolaz-1-720x399.jpg 720w\" sizes=\"auto, (max-width: 730px) 100vw, 730px\" \/><\/p>\n<p><span style=\"color: #808080;\"><em><strong>The base of my approach<\/strong><\/em><\/span><\/p>\n<p><span id=\"result_box\" class=\"\" lang=\"en\"><span title=\"Je sens et je crois fortement \">I feel and I strongly believe <\/span><span title=\"que chaque personne \u00ab va \u00bb \">that each person \u00ab\u00a0move <\/span><span title=\"vers son \u00e9panouissement \">towards\u00a0\u00bb\u00a0 self realisation.<\/span><\/span><span title=\"C\u2019est une mouvement constitutionnel, \"> This movement is constitutional, <\/span><span title=\"ins\u00e9parable de chaque \u00eatre vivant. \">inseparable from any living being. <\/span><span title=\"C\u2019est aussi une force qui a profond\u00e9ment besoin \">It is also a force that deeply needs <\/span><span title=\"de la pr\u00e9sence s\u00e9curisante d\u2019un autre \u00eatre humain, surtout \">the safe and the securing presence of another human being. This is especially <\/span><span title=\"dans les premi\u00e8res ann\u00e9es de notre vie o\u00f9 notre \u00eatre est vuln\u00e9rable, \">necessary in the first years of our life where our being is vulnerable, <\/span><span title=\"Les exp\u00e9riences physiques, \u00e9motionnelles, relationnelles cr\u00e9ent \">dependent, developing.<br \/><\/span><\/p>\n<p><span title=\"Les exp\u00e9riences physiques, \u00e9motionnelles, relationnelles cr\u00e9ent \">Physical, emotional, relational experiences are creating <\/span><span title=\"un environnement plus ou moins favorable \u00e0 ce \u00ab mouvement int\u00e9rieur \u00ab . \">an environment that becomes more or less favorable to this \u00ab\u00a0inner movement\u00a0\u00bb.<\/span><\/p>\n<p>Depending on that experience,\u00a0 we can develop protective strategies that sometimes, over the years, can take up too much space and exhaust our vital energy<span id=\"spans0e0\" class=\"sac\">. <\/span><\/p>\n<p>We then develop a dis-ease, a symptom<span id=\"spans0e1\" class=\"sac\">. <\/span><\/p>\n<p>I see this suffering, this appearance of <span id=\"spans0e2\" class=\"sac\">symptoms<\/span> as an important message of a \u00ab\u00a0deeper part of the self\u00a0\u00bb that tries to <span id=\"spans0e3\" class=\"sac\">receive<\/span> the \u00ab\u00a0seeing and hearing\u00a0\u00bb, the \u00ab\u00a0<span id=\"spans0e4\" class=\"sac\">affirming<\/span>\u00a0\u00bb the \u00ab\u00a0loving and <span id=\"spans0e5\" class=\"sac\">caring<\/span>\u00a0\u00bb it missed.<\/p>\n<p>Therefore, I connect to states such as anxiety, depression, addictions, feelings of isolation, problems of self-esteem, <span class=\"un\">conflictual<\/span> relationships&#8230; as valuable sources<span id=\"spans0e1\" class=\"sac\">. <\/span><\/p>\n<p>They inform us \u00ab\u00a0where\u00a0\u00bb we should listen, keep company, offer compassion<span id=\"spans0e2\" class=\"sac\">. <\/span>Because despite our past experiences, the present moment <span id=\"spans0e3\" class=\"sac\">always contains<\/span> <span id=\"spans0e4\" class=\"sac\">creative opportunities<\/span> for forward movement.<\/p>\n<h6><span style=\"color: #808080;\"><em><strong>What can happen in therapy<\/strong><\/em><\/span><\/h6>\n<p>Based on this vision of the human being, my approach is grounded in the creation of an open, welcoming environment that nourishes a relationship of security, acceptance, compassion and freedom. Driven by this relationship, a process of deep empathic listening, experiencing, unique to each person, is facilitated.<\/p>\n<p><span id=\"result_box\" class=\"\" lang=\"en\"><span class=\"\">In our therapy proces, we will work on enhancing your ability to enter and be in touch with different aspects of your being. We will explore how you want to live and what is meaningful to you.<br \/><\/span><\/span><\/p>\n<p><span class=\"\">Like that you can, at your own pace, strenghten your assurance of <em>being with<\/em> yourself and all the complex facets of your being &#8211; with a compassion and love.<\/span><\/p>\n<p>You can d<span id=\"result_box\" class=\"\" lang=\"en\"><span class=\"\">evelop more creative and satisfying ways of living day-to-day, \u00ab\u00a0become\u00a0\u00bb the nurturing environment for your personal growth. <\/span><\/span>At your own pace you can find your place in the world.<\/p>\n<p><span id=\"result_box\" class=\"\" lang=\"en\"><span class=\"\">I invite you to <a href=\"http:\/\/www.etreavec.net\/index.php\/contact\/\">contact me<\/a> if you have any questions or to make an initial telephone appointment.<\/span> <span class=\"\">This appointment is free and has a potential duration of 20 minutes.<\/span> <span class=\"\">Among other things, it will allow us to feel if I can be a good therapist for you.<\/span><\/span><\/p>\n<p>Sessions can be in French, English and Serbian.<\/p>\n<p><span class=\"\" style=\"color: #808080;\">I have MA in psychology and I am a certified Focusing oriented therapist.<br \/><\/span><span style=\"color: #808080;\">I keep studying Relational and Humanistic oriented psychology \u2013 Gestalt, Hakomi, the processes of Focusing and Mindfulness, Existentialist Philosophy and Phenomenology, Somatic experiencing, Musical and contact danse improvisation, my own life experiences<\/span><\/p>\n<p><span style=\"color: #808080;\">I am Serbian and I have been living as an expatriate in France for the past seventeen years<\/span><\/p>\n<p>\u00a0<\/p>\n\n\n<p><br><\/p>\n","protected":false},"excerpt":{"rendered":"<p>ABOUT ME\u00a0 MY APROACH\u00a0 FOCUSING\u00a0 PARENTING\u00a0 CONTACT FEES The base of my approach I feel and I strongly believe that each person \u00ab\u00a0move towards\u00a0\u00bb\u00a0 self&#8230;<\/p>\n<div class=\"more-link-wrapper\"><a class=\"more-link\" href=\"http:\/\/www.etreavec.net\/index.php\/my-aproach-psychologist-lyon-6\/\">Continue Reading<span class=\"screen-reader-text\">MY APROACH<\/span><\/a><\/div>\n","protected":false},"author":1,"featured_media":0,"parent":0,"menu_order":0,"comment_status":"closed","ping_status":"closed","template":"","meta":{"footnotes":""},"class_list":["post-668","page","type-page","status-publish","hentry","entry"],"_links":{"self":[{"href":"http:\/\/www.etreavec.net\/index.php\/wp-json\/wp\/v2\/pages\/668","targetHints":{"allow":["GET"]}}],"collection":[{"href":"http:\/\/www.etreavec.net\/index.php\/wp-json\/wp\/v2\/pages"}],"about":[{"href":"http:\/\/www.etreavec.net\/index.php\/wp-json\/wp\/v2\/types\/page"}],"author":[{"embeddable":true,"href":"http:\/\/www.etreavec.net\/index.php\/wp-json\/wp\/v2\/users\/1"}],"replies":[{"embeddable":true,"href":"http:\/\/www.etreavec.net\/index.php\/wp-json\/wp\/v2\/comments?post=668"}],"version-history":[{"count":29,"href":"http:\/\/www.etreavec.net\/index.php\/wp-json\/wp\/v2\/pages\/668\/revisions"}],"predecessor-version":[{"id":1227,"href":"http:\/\/www.etreavec.net\/index.php\/wp-json\/wp\/v2\/pages\/668\/revisions\/1227"}],"wp:attachment":[{"href":"http:\/\/www.etreavec.net\/index.php\/wp-json\/wp\/v2\/media?parent=668"}],"curies":[{"name":"wp","href":"https:\/\/api.w.org\/{rel}","templated":true}]}}

<p><a href="http://www.etreavec.net/index.php/about-me/">ABOUT ME  </a><a href="http://www.etreavec.net/index.php/my-aproach/">MY APROACH</a>  <a href="http://www.etreavec.net/index.php/focusing-psychologist-lyon-6/">FOCUSING  </a><a href="http://www.etreavec.net/index.php/parenting/">PARENTING</a>  <a href="http://www.etreavec.net/index.php/contact-2/">CONTACT </a><a href="http://www.etreavec.net/index.php/contact-2/">FEES</a></p>
<p><img loading="lazy" decoding="async" class="alignnone  wp-image-305" src="http://www.etreavec.net/wp-content/uploads/2017/09/kolaz-1-300x166.jpg" alt="Thérapie individuelle / Adultes, Enfants / Lyon, St André en Royans" width="730" height="404" srcset="http://www.etreavec.net/wp-content/uploads/2017/09/kolaz-1-300x166.jpg 300w, http://www.etreavec.net/wp-content/uploads/2017/09/kolaz-1-768x425.jpg 768w, http://www.etreavec.net/wp-content/uploads/2017/09/kolaz-1.jpg 1024w, http://www.etreavec.net/wp-content/uploads/2017/09/kolaz-1-612x339.jpg 612w, http://www.etreavec.net/wp-content/uploads/2017/09/kolaz-1-936x518.jpg 936w, http://www.etreavec.net/wp-content/uploads/2017/09/kolaz-1-720x399.jpg 720w" sizes="auto, (max-width: 730px) 100vw, 730px" /></p>
<p><span style="color: #808080;"><em><strong>The base of my approach</strong></em></span></p>
<p><span id="result_box" class="" lang="en"><span title="Je sens et je crois fortement ">I feel and I strongly believe </span><span title="que chaque personne « va » ">that each person « move </span><span title="vers son épanouissement ">towards »  self realisation.</span></span><span title="C’est une mouvement constitutionnel, "> This movement is constitutional, </span><span title="inséparable de chaque être vivant. ">inseparable from any living being. </span><span title="C’est aussi une force qui a profondément besoin ">It is also a force that deeply needs </span><span title="de la présence sécurisante d’un autre être humain, surtout ">the safe and the securing presence of another human being. This is especially </span><span title="dans les premières années de notre vie où notre être est vulnérable, ">necessary in the first years of our life where our being is vulnerable, </span><span title="Les expériences physiques, émotionnelles, relationnelles créent ">dependent, developing.<br /></span></p>
<p><span title="Les expériences physiques, émotionnelles, relationnelles créent ">Physical, emotional, relational experiences are creating </span><span title="un environnement plus ou moins favorable à ce « mouvement intérieur « . ">an environment that becomes more or less favorable to this « inner movement ».</span></p>
<p>Depending on that experience,  we can develop protective strategies that sometimes, over the years, can take up too much space and exhaust our vital energy<span id="spans0e0" class="sac">. </span></p>
<p>We then develop a dis-ease, a symptom<span id="spans0e1" class="sac">. </span></p>
<p>I see this suffering, this appearance of <span id="spans0e2" class="sac">symptoms</span> as an important message of a « deeper part of the self » that tries to <span id="spans0e3" class="sac">receive</span> the « seeing and hearing », the « <span id="spans0e4" class="sac">affirming</span> » the « loving and <span id="spans0e5" class="sac">caring</span> » it missed.</p>
<p>Therefore, I connect to states such as anxiety, depression, addictions, feelings of isolation, problems of self-esteem, <span class="un">conflictual</span> relationships&#8230; as valuable sources<span id="spans0e1" class="sac">. </span></p>
<p>They inform us « where » we should listen, keep company, offer compassion<span id="spans0e2" class="sac">. </span>Because despite our past experiences, the present moment <span id="spans0e3" class="sac">always contains</span> <span id="spans0e4" class="sac">creative opportunities</span> for forward movement.</p>
<h6><span style="color: #808080;"><em><strong>What can happen in therapy</strong></em></span></h6>
<p>Based on this vision of the human being, my approach is grounded in the creation of an open, welcoming environment that nourishes a relationship of security, acceptance, compassion and freedom. Driven by this relationship, a process of deep empathic listening, experiencing, unique to each person, is facilitated.</p>
<p><span id="result_box" class="" lang="en"><span class="">In our therapy proces, we will work on enhancing your ability to enter and be in touch with different aspects of your being. We will explore how you want to live and what is meaningful to you.<br /></span></span></p>
<p><span class="">Like that you can, at your own pace, strenghten your assurance of <em>being with</em> yourself and all the complex facets of your being &#8211; with a compassion and love.</span></p>
<p>You can d<span id="result_box" class="" lang="en"><span class="">evelop more creative and satisfying ways of living day-to-day, « become » the nurturing environment for your personal growth. </span></span>At your own pace you can find your place in the world.</p>
<p><span id="result_box" class="" lang="en"><span class="">I invite you to <a href="http://www.etreavec.net/index.php/contact/">contact me</a> if you have any questions or to make an initial telephone appointment.</span> <span class="">This appointment is free and has a potential duration of 20 minutes.</span> <span class="">Among other things, it will allow us to feel if I can be a good therapist for you.</span></span></p>
<p>Sessions can be in French, English and Serbian.</p>
<p><span class="" style="color: #808080;">I have MA in psychology and I am a certified Focusing oriented therapist.<br /></span><span style="color: #808080;">I keep studying Relational and Humanistic oriented psychology – Gestalt, Hakomi, the processes of Focusing and Mindfulness, Existentialist Philosophy and Phenomenology, Somatic experiencing, Musical and contact danse improvisation, my own life experiences</span></p>
<p><span style="color: #808080;">I am Serbian and I have been living as an expatriate in France for the past seventeen years</span></p>
<p> </p>


<p><br></p>
